+ 37*t + 2*v - 11050. What is the tens digit of t?
6
What is the units digit of 3276/(-130)*(-440)/12?
4
Let z(x) = x**2 + 11*x - 8. Let j be z(-12). Suppose 0 = -0*s - 2*s - j. What is the units digit of 24*((-14)/(-6) + s)?
8
What is the hundreds digit of 247158/297 - (-4)/(-22)?
8
Suppose -158096 = -12*t - 70*t. What is the units digit of t?
8
Suppose 2*g - 6 = 2. Suppose -24*d + 23*d + 2 = 0. Suppose -d + 154 = g*n. What is the tens digit of n?
3
Let o(m) = m**2 + 32*m - 9. What is the hundreds digit of o(22)?
1
What is the tens digit of 35/((-1050)/(-43704)) - (-2)/10?
5
Suppose 5*r + 2*h - 23 = -2, 5*h = 5*r. Suppose 2*g + 542 = 3*j, -r*g = j + 4*j - 935. What is the tens digit of j?
8
Suppose -4*i - 2*t = -3*t - 20, -40 = -4*i - 4*t. Let y = 114 + -4. Suppose -i*x = -x - y. What is the tens digit of x?
2
Let u = -19 - -19. Suppose -s - 2*x + 128 = u, 3*s = -x + 357 + 47. What is the hundreds digit of s?
1
Suppose -14*p = -21*p + 9009. What is the units digit of p?
7
Suppose -q + 3146 = 3*z, -2*q = 6*z - 2*z - 4198. What is the hundreds digit of z?
0
Suppose -5*o - 27 = -2*o. Let w = 3 - o. What is the tens digit of w?
1
Let v = -100 - -362. What is the units digit of v?
2
Suppose g + 145 - 590 = -4*u, -u + 1280 = 3*g. Suppose -l - 2*l - g = -5*s, -87 = -s + l. What is the tens digit of s?
8
Let t = 16 - 10. Suppose -3*m + t = 0, 0 = 3*g - m + 3 - 10. Let b = 2 + g. What is the units digit of b?
5
Suppose 0 = -2*v - 3*y + 202, -2*v + 4*y = -0*y - 188. Let s = 201 - v. Suppose -5*f + 22 = -s. What is the units digit of f?
5
Suppose 47*j = 28*j + 72732. What is the units digit of j?
8
Let x = 4637 + -2383. What is the hundreds digit of x?
2
Let f(s) = -29*s + 90. Let a(j) = -19*j + 60. Let y(d) = 8*a(d) - 5*f(d). What is the units digit of y(-5)?
5
Let l(a) be the third derivative of -a**6/120 + a**4/12 - a**3/2 + 15*a**2. What is the units digit of l(-5)?
2
Let z(o) = -o**3 + 3*o**2 + o + 495. What is the units digit of z(0)?
5
Let p = 30 + -28. Suppose 16 = 4*u, -4*t = p*u - 68 - 0. What is the units digit of t?
5
Let p(q) = q**3 - 11*q - 5*q + 10*q**2 - 39 + 19. What is the tens digit of p(-11)?
3
Suppose 11*q + 5*q = 752. Let h = 104 - 12. Let c = h - q. What is the tens digit of c?
4
Let x = 3 + 13. Suppose -60 = -4*h - x. Let g(o) = o**3 - 10*o**2 - 11*o + 14. What is the tens digit of g(h)?
1
Let c(b) = b**3 + 8*b**2 - 12*b - 12. Let a be c(-8). Suppose 4*z - a = 260. What is the tens digit of z?
8
Let j(l) = -2*l - 7. Let d be j(16). Let c = d - -82. What is the units digit of c?
3
Suppose -2*t = -4*t - 22. Let m = 26 - -1. Let y = m + t. What is the units digit of y?
6
What is the hundreds digit of ((12/(-16))/3)/((-1)/2404)?
6
Suppose 4*f + 2*m = 7*m + 82, 0 = -5*f - m + 88. What is the units digit of f?
8
Let a(z) be the second derivative of 5*z + 0 - 1/12*z**4 - 1/20*z**5 + 7*z**2 + 0*z**3. What is the units digit of a(0)?
4
Let a be (-2)/(-7) + (-141)/(-21). Suppose -9*l = -a*l - 88. What is the units digit of l?
4
Let z be (-52)/10 + (-8)/(-40). Let g be (-29)/(-1) - (-2 - z). Suppose 0 = -3*t + g + 52. What is the tens digit of t?
2
Let i be -123 + (0 - -1) + -4. Let j = -25 - i. What is the tens digit of j?
0
Let i = -10 + 357. What is the hundreds digit of i?
3
Let o = -10 + 16. Let t = o - 1. Suppose -t*h + 51 = -3*u, -2*h + 5*u + 7 = -2. What is the units digit of h?
2
Suppose -7 + 2 = 5*x. Let q be ((3 - 3) + 0)*x. Suppose 0*v + v - 56 = q. What is the units digit of v?
6
Suppose -2*c - 1035 = -7*c - 5*h, 422 = 2*c - 2*h. Let s = -125 + c. What is the tens digit of s?
8
Let z(m) = 9*m**3 - 21*m**2 + 3*m + 35. What is the hundreds digit of z(8)?
3
Let d(k) = -4 + 3*k**3 + 5 + 0*k**3 - 2*k**3 - k. Let w be d(1). Suppose -b - w = -7. What is the units digit of b?
6
Let k(j) = -3*j + 6. Let a be k(8). Let m = a + 23. Suppose m*h = 4*h - 4, r = -2*h + 14. What is the units digit of r?
2
Let i(b) = -b**3 + 9*b**2 - 7*b + 7. Let n be 2/((-2)/3) + 11. What is the tens digit of i(n)?
1
Suppose -3*g = 2*a - 2239, -11*a + 14*a - 3375 = g. What is the hundreds digit of a?
1
Let i be (40/2 - 2)/2. Suppose 5*b - 10 = -u - 4*u, -b + 12 = 3*u. Let n = b + i. What is the units digit of n?
6
Suppose 2*i - 4*o - 6 = 0, o + 3 = i + 6*o. Suppose -2*s + 19 + i = 0. What is the tens digit of s?
1
Let l = 246 + -72. What is the units digit of l?
4
Let p(b) = 612*b**2 + 2*b - 3. What is the units digit of p(1)?
1
What is the thousands digit of (-10383)/12*16/(-4)?
3
Suppose -2*p + 23 = -5*q - 12, 3*p = -2*q + 5. Suppose p - 79 = -u. What is the tens digit of u?
7
Suppose 5*i - 1824 - 206 = w, -5*i + 2*w = -2035. What is the units digit of i?
5
Suppose 10848 = 114*t - 108*t. What is the thousands digit of t?
1
Suppose -5*x + 3*l = 7*l + 720, -165 = x + 5*l. Let k = 203 + x. What is the tens digit of k?
6
Let h(y) be the third derivative of 23*y**4/24 + 16*y**3/3 + 30*y**2. What is the units digit of h(4)?
4
Let v be (-13 - 5)/(1 - 2). Let n = -17 + v. What is the units digit of n?
1
Suppose -122*u + 130*u - 944 = 0. What is the units digit of u?
8
Suppose 3*h + 4*v = 2026, 0 = -0*h + 5*h - 5*v - 3365. What is the units digit of h?
4
Suppose -10*a = -3*i - 9*a + 3379, -i - a = -1133. What is the hundreds digit of i?
1
Let t = 438 - -1472. What is the thousands digit of t?
1
Suppose -60*k + 66*k - 15138 = 0. What is the thousands digit of k?
2
Let r(m) = -m**3 - 12*m**2 - 13*m - 18. Let s be r(-11). Suppose 2*f - s*j - 42 = 0, 105 = 4*f + f - 2*j. What is the tens digit of f?
2
Suppose -90*f + 54120 = -24*f. What is the tens digit of f?
2
Suppose -2*s - 78 = -3*b - 322, 2*b + 167 = -3*s. Let g = -36 - b. What is the units digit of g?
6
Suppose 2*c - 6 = 0, 5*g + 3 - 2 = 2*c. Let j(a) = -29*a - 3 + 81*a + 0. What is the units digit of j(g)?
9
Suppose -27*p = -25*p. Suppose p*f - 5*f + 125 = 5*y, 117 = 5*f + y. Let a = f + 21. What is the tens digit of a?
4
Suppose 0 = 10*c - 3*c - 13006. What is the units digit of c?
8
Suppose 2*n - 4*w - 4 = -2*w, 14 = 3*n + w. Suppose 223 = 2*o + 2*k - 31, 5*k - 242 = -2*o. Suppose -57 - o = -n*u. What is the tens digit of u?
4
Let l(y) = -33*y + 89. What is the tens digit of l(-4)?
2
Let l(f) = 7*f + 7. Let t(k) = 22*k + 21. Let z(c) = 11*l(c) - 4*t(c). What is the tens digit of z(-6)?
5
Let t(q) = -24*q**2 - q - 3. Let f be t(2). Let k = f + 154. Let b = k - 8. What is the tens digit of b?
4
Let s = 61 + -59. Suppose 0 = s*c + 3*x - 112, 4*x + 5 = -3. What is the tens digit of c?
5
Suppose -24*q + 18185 = -12871. What is the thousands digit of q?
1
What is the units digit of 4233/5 + 6/15?
7
Suppose 8*t - 148 = 84. Suppose 23*q = t*q - 804. What is the units digit of q?
4
Suppose -15*d + 19*d - 1802 = -5*u, 3*d = 9. What is the hundreds digit of u?
3
Suppose -2*j - 14 = -2*y, -2*j + 2*y + y - 17 = 0. Let f be (8 - 3) + 1 + j. Suppose 4*r + b + 65 = 5*r, 2*r + f*b = 110. What is the units digit of r?
0
Suppose -5*t = -3*d + 11 + 36, -4*d + 4*t = -60. What is the units digit of d?
4
Let o(j) = 4*j - 3. Let f be o(2). Suppose b = -f, -2*n - 3*b + 175 = 18. What is the units digit of n?
6
Let j(s) = -2*s**3 + s**2 - 11*s + 8. What is the hundreds digit of j(-11)?
9
Suppose -5*n + 2*g + 6 = 122, 2*g - 44 = 2*n. What is the units digit of (-136)/n - -2 - (-2)/(-3)?
7
Let p = 36 - -84. Suppose -p = 4*q - 9*q - 5*j, -3*q - 4*j + 67 = 0. Let h = -13 + q. What is the tens digit of h?
1
Let x(q) = -q**3 - 13*q**2 - q - 8. Let h be x(-13). Suppose -h*j - f = f - 39, -j - 2*f + 11 = 0. What is the units digit of 4/j*(-2 + 9)?
4
Let v = 191 - -632. What is the units digit of v?
3
Let v be (6/5)/((-15)/(-100)). Let t(i) = 5*i**3 - 7*i**2 - v - 4*i + 0*i - 6*i**3. What is the units digit of t(-7)?
0
Let d(v) = 0*v - 6*v - 2*v - 12. What is the tens digit of d(-12)?
8
Let t = 104 - 63. Let i = t + 150. What is the units digit of i?
1
What is the tens digit of ((-7)/(-7))/((-1)/(-555))?
5
Let l(f) = f**3 + f**2 + f - 1. Let k(z) = 4*z**3 + z**2 + z - 8. Let g(c) = k(c) - 5*l(c). Let o be g(-2). Let s = -1 - o. What is the units digit of s?
2
What is the thousands digit of ((-2020)/(-25))/(1672/(-240) - -7)?
2
Suppose -2*b + 153 = v, -2*b = -v + 4*v - 439. Let a = v + -37. What is the hundreds digit of a?
1
Let q(z) = -z**2 